x + 6045. Suppose 22*c - l = 16*c. What is the units digit of c?
5
Let f(z) = 22*z - 3. Let t(b) = 21*b - 3. Suppose -2*k = h - 7 - 4, 3*h + 11 = 5*k. Let o(v) = k*t(v) - 3*f(v). What is the tens digit of o(4)?
6
Let g(q) = -2*q + 15. Let n be g(4). Suppose 3*f = n + 8. Suppose 4*x - 6*i - 262 = -i, f*i = 3*x - 194. What is the tens digit of x?
6
Let o(h) = 130*h + 5159. What is the units digit of o(0)?
9
Suppose 3*b - 22699 = -4*v + 91791, 4*b = -2*v + 57250. What is the thousands digit of v?
8
Let l(d) = 12491*d**3 + d**2 - 96*d + 96. What is the thousands digit of l(1)?
2
What is the units digit of 2/(558584/(-558666) + 0 + 1)?
6
Suppose 81*o + 1136 = 89*o. What is the tens digit of o?
4
Suppose -4*d - 14*d = -126. Suppose d*w + 81 - 2405 = 0. What is the units digit of w?
2
Let y be (-1)/(-6) - (-261)/54. What is the units digit of (-47204)/(-42) + (-2)/(-21) - y?
9
What is the ten thousands digit of 47917/3*(21 + 25 + -43)?
4
What is the thousands digit of (33/(-77) - (-4)/(-7))/((-13)/44226)?
3
What is the hundreds digit of ((-199125)/(-30))/(-15)*-2?
8
Let p(w) = -210*w + 148. What is the tens digit of p(-31)?
5
Suppose -i + 8*i - 56 = 0. Suppose 6*x - i = 4. Suppose 107 = g + 5*z, g + z - 279 = -x*g. What is the tens digit of g?
9
Suppose -5*m = 3*x - 92154, 60*m - 55296 = 57*m - 3*x. What is the tens digit of m?
2
Suppose -5*i - b - 34 = 0, 12 = -3*b - 0. What is the hundreds digit of (-4 - -1) + ((-18)/i - -273)?
2
Let r(i) = 3*i - 10*i**3 - 2*i**3 + 5*i**2 - 3*i**3 - 1 + 16*i**3. Let s be r(-4). Suppose -s*m + 4 = m, 5*x = -4*m + 274. What is the tens digit of x?
5
What is the units digit of (-1283)/(12/(-252)*7)?
9
Suppose 5*o - 5*d = -2*d + 24, -3*d + 12 = o. Suppose -o*m - 5*l = -m + 10, -4*l = m + 2. Let i(z) = -47*z + 2. What is the tens digit of i(m)?
9
Suppose -72*h = -46*h. What is the hundreds digit of (-6 + h)*8643/(-86)?
6
Suppose -2*g = -2*s - 12, -g + 2 + 12 = -5*s. What is the units digit of (-1910)/(-40) + (-3)/g?
7
Suppose b + 28*s = 32*s + 2563, -5*b = 5*s - 12840. What is the hundreds digit of b?
5
Let i(k) be the second derivative of -34*k**3/3 - 11*k**2 + 37*k. What is the tens digit of i(-5)?
1
Suppose 3*h = 22799 + 41443. What is the ten thousands digit of h?
2
Suppose -2*s - 3*d + 20878 + 10355 = 0, -15614 = -s - 4*d. What is the tens digit of s?
1
Suppose 173085 = 5*h + 5*k, -13*h + 567392 - 117354 = -4*k. What is the tens digit of h?
1
What is the thousands digit of (1075 - 7) + 12/6*10/(-4)?
1
Suppose -5*a + a = 4*i - 132, -a - 4 = 0. Let b = 3135 - 3170. Let z = b + i. What is the units digit of z?
2
Let s(g) = g**3 - 13*g**2 - 13*g - 12. Let o be s(14). Suppose 12*u - 3140 = o*u. What is the tens digit of u?
1
Let d be (12/(-30))/((-2)/50). Suppose 42 = -d*m + 4*m. What is the tens digit of m/(-4)*(-1 - -21)?
3
Suppose -5*o - 5*u + 2*u = -28, 0 = 4*o + 2*u - 22. Let z(x) = 4*x**2 - x + o*x**3 - 2*x**2 - 4*x**3 - 2. What is the tens digit of z(3)?
4
Suppose 2352 = 3*z + w, -3*z + w = 3*w - 2352. Suppose 4*p = 7*p - 2*n - 574, 4*p - z = -2*n. What is the hundreds digit of p?
1
Let q be (-243)/(-2)*(-14)/(-21)*-7. What is the thousands digit of q/(-162)*(-5604)/(-14)?
1
Let z = -131 - -134. Suppose 6*n + 4*b = 11*n - 3306, 1321 = 2*n - z*b. What is the tens digit of n?
6
Let a(m) = -61*m + 152. What is the units digit of a(-36)?
8
Let z(t) = 2*t + 12. Let d(s) = s + 2. Let o be d(-8). Let w be z(o). Suppose 25 = -5*l, 0 = -3*f + 4*l - w*l + 371. What is the units digit of f?
7
Let u = 4906 - -521. Suppose u = 22*y - 8873. What is the hundreds digit of y?
6
Suppose -2*w - 5*c + 117 = -14, c - 127 = -2*w. Let i be 2/9 - (-2821)/w. Suppose 104 = p - i. What is the hundreds digit of p?
1
Let g = -7322 - -10704. What is the units digit of g?
2
What is the tens digit of -9 - 22/(-11) - -23854?
4
Suppose -114 = -6*h - 18. Suppose 0 = 6*z - h*z + 20. Suppose -2*i - 3*b + 206 = 0, 15*i - 10*i + z*b - 526 = 0. What is the units digit of i?
6
Let d(w) = -8 - 27 + 4*w + 20. Let l be d(5). Suppose l*f + 105 = 8*f. What is the tens digit of f?
3
Suppose 5*l - 2 - 23 = 0, 5*i - 10 = 2*l. Suppose -3*d + d = -i*v + 4, 4*v = 3*d. Suppose -5*r + 198 = -2*p, r + v*r - 140 = -3*p. What is the units digit of r?
8
Suppose 0 = 4*u - j - 973, -5*u + 6*u - 232 = 4*j. What is the hundreds digit of u?
2
Suppose 0 = 5*z - 18622 + 4867. What is the hundreds digit of z?
7
Suppose 2*p = -2*c + 117764, 0 = -57*c + 45*c - 4*p + 706624. What is the units digit of c?
7
Suppose -3*q = 0, -q = -44*m + 40*m + 11992. What is the hundreds digit of m?
9
Let h(p) = 0 - 4*p + 9*p**2 + 2 + 11 - p**3 + 0*p. Let q be h(7). Let x = q - -13. What is the units digit of x?
6
Let v(d) = -251*d**2 - 9*d + 8. Let i be v(1). Let b = i + 496. What is the units digit of b?
4
Let a(k) be the third derivative of -71/40*k**6 + 1/60*k**5 + 0*k - 3*k**2 + 0 - 1/12*k**4 - 1/2*k**3. What is the units digit of a(-1)?
3
What is the tens digit of (-8)/18 + 0 + (-2499)/(-459) - -3273?
7
Suppose -504 - 14 = -14*d. Suppose d*g - 19680 = 7*g. What is the tens digit of g?
5
Let a be 0/4 + (1106 - 7). Let t = a - 629. What is the hundreds digit of t?
4
What is the units digit of 23/((-138)/(-60)) - -4944?
4
Suppose 0*a + 2*a = -4*p + 48, 0 = -2*p - 5*a + 24. Suppose -p*i + 18 = -3*i. What is the units digit of 18 - 3/i*(-24)/(-18)?
6
Suppose 105*c = 110*c - 145. Suppose c*b + 16362 = 47*b. What is the hundreds digit of b?
9
Suppose 18055 = h - 4*i, 53192 = 4*h - 5*i - 19039. What is the hundreds digit of h?
0
Suppose -2*i + 19 = 2*p - 95, -283 = -5*i - 4*p. Let g be (i/(-15))/(4/12). What is the units digit of (g - -20)/((-3)/(-10))?
0
What is the ten thousands digit of (6/((-24)/(-86)) - 4)*80248/35?
4
Suppose -5*i + 741 = 111. Let j be -9*(-6)/i - 39/(-7). Suppose -2061 = -j*a - 3*a. What is the units digit of a?
9
What is the tens digit of (86850/(-12))/(18/(-4) + (-12 - -16))?
7
Let n = 126 + -226. Let p = -1641 + 1646. What is the tens digit of -4*(2/p - (-5365)/n)?
1
Suppose -3*g = 4*t - 15, g - 3*g = 2*t - 10. Suppose t = -132*w + 128*w + 1660. What is the units digit of w?
5
Let f(b) = -13*b**2 + 17*b + 4. Let s be f(4). Let c = -48 - s. What is the units digit of c?
8
Let c = -115 + 115. Suppose -5*l + 415 + 305 = c. What is the units digit of l?
4
Let x = -2 + 6. Suppose 4*o = x*m - 512, -5*m - 135 - 23 = o. Let g = o + 296. What is the tens digit of g?
6
Let a(o) = 488*o**2 - 75*o - 250. What is the ten thousands digit of a(-9)?
3
Let n be 2*(-1)/(-1) - 30. Let y = -1706 - -1607. Let d = n - y. What is the tens digit of d?
7
Let y = 4 - 2. Suppose y*x + 0 - 2 = 0. What is the units digit of ((-60)/(-2))/x - (3 + -1)?
8
Let u = 7118 + -922. What is the tens digit of u?
9
Let a(u) = -498*u + 13239. What is the hundreds digit of a(-38)?
1
Let k(w) be the third derivative of w**6/120 - w**5/30 - w**4/24 - w**3/6 - 15*w**2 + 3. Let s = 13 - 8. What is the tens digit of k(s)?
6
Suppose -80966 = -7*r - 3*m + 2*m, 0 = -3*r + 2*m + 34690. What is the thousands digit of r?
1
Let l(i) = 12*i + 78. Let x be l(-2). Suppose 1822 = -x*y + 56*y. What is the tens digit of y?
1
Suppose 838 = k - 1217. What is the units digit of k?
5
Suppose -4*v + 1485 = 4*c - 9*v, -1869 = -5*c + 2*v. Suppose -4*k = -c - 845. What is the tens digit of k?
0
Suppose -9*x + 4*x = -20. Suppose 0 = x*d - 7*d + 6. What is the units digit of ((-10)/d)/(2/(-2))?
5
Suppose 2*h - 9 = 4*y - 25, 2*h + 24 = -4*y. What is the units digit of (-72)/h*220/33?
8
Let q(z) = -2*z**3 + 35*z**2 + 14*z. Let c be q(16). Let x(j) = c + 21*j - 8*j - 1003 - j**2. What is the units digit of x(7)?
1
Suppose 7*t - 6*t - 54 = -b, -2*t - 5*b + 111 = 0. Let q = t - -471. What is the units digit of q?
4
Let f(n) = -3*n**3 - 7*n**2 - 6*n - 9. Let y be f(-7). Suppose 741 = 2*z - y. Suppose -6*t + 944 = -z. What is the units digit of t?
9
Let x be 4128/18 - 4/(-6). Suppose 16*l = 21*l + x. Let u = l - -119. What is the tens digit of u?
7
Let c(q) = 324*q**2 - 2*q - 54. What is the ten thousands digit of c(-7)?
1
Suppose 3*f + 120 = 3*o, 6*o - 4*f = 3*o + 124. Suppose 9*s = 4*s + 690. Suppose 4*y + 3*t = 446, -o = y - 4*t - s. What is the hundreds digit of y?
1
Let f(u) = -u**2 - 11*u + 382. Suppose 17*w = 9*w. What is the hundreds dig